{"id":46,"date":"2019-11-28T13:23:29","date_gmt":"2019-11-28T13:23:29","guid":{"rendered":"http:\/\/ph-gastroservice.de\/?page_id=46"},"modified":"2025-11-11T10:12:16","modified_gmt":"2025-11-11T10:12:16","slug":"news","status":"publish","type":"page","link":"http:\/\/ph-gastroservice.de\/?page_id=46","title":{"rendered":"News"},"content":{"rendered":"\n<p>01.12.2025<\/p>\n\n\n\n<p><strong><mark style=\"background-color:rgba(0, 0, 0, 0)\" class=\"has-inline-color has-black-color\">Weihanchtsgr\u00fc\u00dfe<\/mark><\/strong><\/p>\n\n\n\n<p>Sehr geehrte Kundin, sehr geehrter Kunde, wir m\u00f6chten die Gelegenheit nutzen, um uns f\u00fcr Ihr Vertrauen und die gute Zusammenarbeit im vergangenen Jahr zu bedanken. F\u00fcr das bevorstehende Weihnachtsfest w\u00fcnschen wir Ihnen besinnliche Stunden und f\u00fcr das neue Jahr Gesundheit, Gl\u00fcck und Erfolg. <\/p>\n\n\n\n<p>Wir freuen uns darauf, Sie auch im kommenden Jahr wieder tatkr\u00e4ftig mit neuen Projekten zu unterst\u00fctzen. Im Namen aller Mitarbeiter. Freundlichst, Peter H\u00fcttner<\/p>\n\n\n\n<p><\/p>\n\n\n\n<h1 class=\"wp-block-heading\">Gro\u00dfer Erfolg des DEHOGA: 7% kommen!<\/h1>\n\n\n\n<p>09.04.2025<\/p>\n\n\n\n<p>Die 7% Mehrwertsteuer auf Speisen kommen. Die Forderung nach einem reduzierten Mehrwertsteuersatz f\u00fcr gastgewerbliche Leistungen verfolgte der DEHOGA bereits seit Jahren.&nbsp;<\/p>\n\n\n\n<figure class=\"wp-block-image\"><img decoding=\"async\" src=\"https:\/\/www.dehoga-nordrhein.de\/fileadmin\/_processed_\/7\/7\/csm_erfolg_9d19c2bc8b.png\" alt=\"\"\/><\/figure>\n\n\n\n<p><a href=\"https:\/\/www.dehoga-nordrhein.de\/fileadmin\/user_upload\/erfolg.jpg\"><\/a>Pr\u00e4sident Patrick Rothkopf erkl\u00e4rt: &#8220; 2010 haben wir es geschafft, dass der Mehrwertsteuersatz auf Beherbergungsleistungen auf sieben Prozent reduziert wurde. Ein gro\u00dfer Zwischenschritt, auch wenn wir schon damals gerne den gleichen Satz f\u00fcr die Gastronomie gehabt h\u00e4tten.\u00a02020 wurde w\u00e4hrend der Pandemie auf unsere Initiative hin die Mehrwertsteuer auch auf Speisen auf sieben Prozent reduziert, aber leider trotz aller Absichtserkl\u00e4rungen und Versprechungen 2023 wieder zur\u00fcckgenommen. Jetzt gilt: Die 7% auf Speisen kommen ab dem 1.1.2026, um dauerhaft zu bleiben! Das ist gro\u00dfartig! Nat\u00fcrlich h\u00e4tten wir gerne diesen Satz auch f\u00fcr Getr\u00e4nke bekommen. Aber es ist\u00a0in der politischen wie steuerrechtlichen\u00a0Lage leider schlicht aussichtslos.&#8220;<\/p>\n\n\n\n<p>In Zeiten klammster Kassen und volkswirtschaftlich gr\u00f6\u00dfter Herausforderungen sowie wirtschaftlich unsicheren Zeiten diesen Erfolg zu erreichen, ist nicht selbstverst\u00e4ndlich. Im Gegenteil: Es ist das Ergebnis, sehr langer, harter, anstrengender und beharrlicher Arbeit auf allen Ebenen, es ist das Ergebnis unz\u00e4hliger Gespr\u00e4che in der Politik, mit Kandidaten, Abgeordneten, aber auch Oberb\u00fcrgermeistern und Landr\u00e4ten. Diese Reduzierung wird allein der Gastronomie in NRW etwa 700.000.000 Euro an Steuerersparnis bringen!&nbsp;<br>&nbsp;<br>Rothkopf weiter: &#8222;Die reduzierte Mehrwertsteuer verschafft vielen unserer Betriebe eine Verschnaufpause in den weiterhin sehr herausfordernden Zeiten. Damit werden nicht alle Probleme gel\u00f6st. Das ist uns allen klar.&nbsp;Trotzdem gibt es Tage, an denen man auf das Erreichte schaut, besonders stolz ist und stolz sein kann. Und so einen Tag muss man feiern, w\u00fcrdigen und bedanken, die uns bei diesem Marathon unterst\u00fctzt haben! Und danach? Wie immer, \u00c4rmel hochkrempeln und weiter gute Gastgeber sein!&#8220;<br>&nbsp;<\/p>\n\n\n\n<p><strong>Das steht auch noch im Koalitionsvertrag<\/strong><\/p>\n\n\n\n<p>Nat\u00fcrlich stehen neben den 7% MwSt auf Speisen noch andere bedeutsame Punkte in diesem Koalitionsvertrag:<\/p>\n\n\n\n<ul class=\"wp-block-list\">\n<li>Wochenh\u00f6chstarbeitszeit statt Tagesh\u00f6chstarbeitszeit<\/li>\n\n\n\n<li>Deutliche Entb\u00fcrokratisierung<\/li>\n\n\n\n<li>Mehr Netto vom Brutto<\/li>\n<\/ul>\n\n\n\n<p>Aber: Wo Licht ist, da ist auch Schatten: Die geplante deutliche Anhebung des Mindestlohns w\u00fcrde viele Betriebe vor gro\u00dfe Herausforderungen stellen, weil es nicht nur Auswirkungen im Lohneinstieg h\u00e4tte, sondern auf das gesamte Lohngef\u00fcge.\u00a0Als erstes Fazit kann man festhalten, dass sich die Rahmenbedingungen bei allen Herausforderungen deutlich verbessern werden. Der Einsatz des DEHOGA hat sich gelohnt.<\/p>\n\n\n\n<p><\/p>\n\n\n\n<p>04.08.2023<\/p>\n\n\n\n<h1 class=\"wp-block-heading\">DEHOGA-Petition pro 7%: Jetzt unterschreiben und mitmachen!<\/h1>\n\n\n\n<p>Jede Unterst\u00fctzung ist wichtig, wenn es um die Beibehaltung der 7 % geht. Genau deshalb hat der DEHOGA Bundesverband jetzt die<strong> Petition \u201eKeine Steuererh\u00f6hung: 7% Mehrwertsteuer auf Speisen in der Gastronomie m\u00fcssen bleiben!\u201c<\/strong> gestartet. Wir wollen zeigen, wie gro\u00df der Kreis der Bef\u00fcrworter der 7 % ist. Und hierbei sind auch Sie gefragt: Unterzeichnen Sie die Petition. Und nutzen Sie bitte dar\u00fcber hinaus Ihre Kontakte und Ihre Reichweite: Machen Sie die Petition unter ihren Mitarbeitern, G\u00e4sten und Gesch\u00e4ftspartnern und in Ihren Familien bekannt. Werben Sie mit uns gemeinsam f\u00fcr Unterschriften. Denn jede Unterschrift z\u00e4hlt. Lassen Sie uns mit einer maximalen Unterst\u00fctzerzahl demonstrieren, wie existenziell wichtig die Beibehaltung der 7 % ist. Die 7 % m\u00fcssen bleiben, damit wir erhalten, was unser Land lebenswert und liebenswert macht!<\/p>\n\n\n\n<p><strong><a href=\"https:\/\/www.openpetition.de\/petition\/online\/keine-steuererhoehung-7-mehrwertsteuer-auf-speisen-in-der-gastronomie-muessen-bleiben\" target=\"_blank\" rel=\"noreferrer noopener\">Hier geht es zur Petition<\/a><\/strong>.<br>Wir danken Ihnen herzlich f\u00fcr Ihre Unterst\u00fctzung!<\/p>\n\n\n\n<figure class=\"wp-block-image size-full\"><img loading=\"lazy\" decoding=\"async\" width=\"610\" height=\"407\" src=\"http:\/\/ph-gastroservice.de\/wp-content\/uploads\/2023\/12\/csm_7__Petition_b8dd9341a7-1.jpg\" alt=\"\" class=\"wp-image-85\" srcset=\"http:\/\/ph-gastroservice.de\/wp-content\/uploads\/2023\/12\/csm_7__Petition_b8dd9341a7-1.jpg 610w, http:\/\/ph-gastroservice.de\/wp-content\/uploads\/2023\/12\/csm_7__Petition_b8dd9341a7-1-300x200.jpg 300w\" sizes=\"auto, (max-width: 610px) 100vw, 610px\" \/><\/figure>\n\n\n\n<p><\/p>\n\n\n\n<p><\/p>\n\n\n\n<div class=\"wp-block-media-text alignwide has-media-on-the-right\"><div class=\"wp-block-media-text__content\">\n<div class=\"wp-block-group\"><div class=\"wp-block-group__inner-container is-layout-flow wp-block-group-is-layout-flow\">\n<p class=\"has-normal-font-size\">01.12.2019                              Die PH Gastroservive  w\u00fcnscht allen Kunden eine Sch\u00f6ne Adventszeit <\/p>\n<\/div><\/div>\n<\/div><figure class=\"wp-block-media-text__media\"><img loading=\"lazy\" decoding=\"async\" width=\"849\" height=\"566\" src=\"http:\/\/ph-gastroservice.de\/wp-content\/uploads\/2019\/11\/spruehschnee-zur-weihnachtszeit-entfernen.jpg\" alt=\"\" class=\"wp-image-73 size-full\" srcset=\"http:\/\/ph-gastroservice.de\/wp-content\/uploads\/2019\/11\/spruehschnee-zur-weihnachtszeit-entfernen.jpg 849w, http:\/\/ph-gastroservice.de\/wp-content\/uploads\/2019\/11\/spruehschnee-zur-weihnachtszeit-entfernen-300x200.jpg 300w, http:\/\/ph-gastroservice.de\/wp-content\/uploads\/2019\/11\/spruehschnee-zur-weihnachtszeit-entfernen-768x512.jpg 768w\" sizes=\"auto, (max-width: 849px) 100vw, 849px\" \/><\/figure><\/div>\n\n\n\n<div class=\"wp-block-media-text alignwide\"><figure class=\"wp-block-media-text__media\"><img loading=\"lazy\" decoding=\"async\" width=\"1000\" height=\"667\" src=\"http:\/\/ph-gastroservice.de\/wp-content\/uploads\/2019\/11\/topelement.jpg\" alt=\"\" class=\"wp-image-74 size-full\" srcset=\"http:\/\/ph-gastroservice.de\/wp-content\/uploads\/2019\/11\/topelement.jpg 1000w, http:\/\/ph-gastroservice.de\/wp-content\/uploads\/2019\/11\/topelement-300x200.jpg 300w, http:\/\/ph-gastroservice.de\/wp-content\/uploads\/2019\/11\/topelement-768x512.jpg 768w\" sizes=\"auto, (max-width: 1000px) 100vw, 1000px\" \/><\/figure><div class=\"wp-block-media-text__content\">\n<p style=\"font-size:18px\"> 15.06.2019                   <a href=\"http:\/\/ph-gastroservice.de\/?p=48\">Belegpflicht 2020 \u2013 Wir helfen beim Umsetzen<\/a> <\/p>\n<\/div><\/div>\n\n\n\n<p><\/p>\n","protected":false},"excerpt":{"rendered":"<p>01.12.2025 Weihanchtsgr\u00fc\u00dfe Sehr geehrte Kundin, sehr geehrter Kunde, wir m\u00f6chten die Gelegenheit nutzen, um uns&hellip;<\/p>\n","protected":false},"author":1,"featured_media":0,"parent":0,"menu_order":0,"comment_status":"closed","ping_status":"closed","template":"","meta":{"footnotes":""},"class_list":["post-46","page","type-page","status-publish","hentry"],"_links":{"self":[{"href":"http:\/\/ph-gastroservice.de\/index.php?rest_route=\/wp\/v2\/pages\/46","targetHints":{"allow":["GET"]}}],"collection":[{"href":"http:\/\/ph-gastroservice.de\/index.php?rest_route=\/wp\/v2\/pages"}],"about":[{"href":"http:\/\/ph-gastroservice.de\/index.php?rest_route=\/wp\/v2\/types\/page"}],"author":[{"embeddable":true,"href":"http:\/\/ph-gastroservice.de\/index.php?rest_route=\/wp\/v2\/users\/1"}],"replies":[{"embeddable":true,"href":"http:\/\/ph-gastroservice.de\/index.php?rest_route=%2Fwp%2Fv2%2Fcomments&post=46"}],"version-history":[{"count":10,"href":"http:\/\/ph-gastroservice.de\/index.php?rest_route=\/wp\/v2\/pages\/46\/revisions"}],"predecessor-version":[{"id":99,"href":"http:\/\/ph-gastroservice.de\/index.php?rest_route=\/wp\/v2\/pages\/46\/revisions\/99"}],"wp:attachment":[{"href":"http:\/\/ph-gastroservice.de\/index.php?rest_route=%2Fwp%2Fv2%2Fmedia&parent=46"}],"curies":[{"name":"wp","href":"https:\/\/api.w.org\/{rel}","templated":true}]}}

<p>01.12.2025</p>



<p><strong><mark style="background-color:rgba(0, 0, 0, 0)" class="has-inline-color has-black-color">Weihanchtsgrüße</mark></strong></p>



<p>Sehr geehrte Kundin, sehr geehrter Kunde, wir möchten die Gelegenheit nutzen, um uns für Ihr Vertrauen und die gute Zusammenarbeit im vergangenen Jahr zu bedanken. Für das bevorstehende Weihnachtsfest wünschen wir Ihnen besinnliche Stunden und für das neue Jahr Gesundheit, Glück und Erfolg. </p>



<p>Wir freuen uns darauf, Sie auch im kommenden Jahr wieder tatkräftig mit neuen Projekten zu unterstützen. Im Namen aller Mitarbeiter. Freundlichst, Peter Hüttner</p>



<p></p>



<h1 class="wp-block-heading">Großer Erfolg des DEHOGA: 7% kommen!</h1>



<p>09.04.2025</p>



<p>Die 7% Mehrwertsteuer auf Speisen kommen. Die Forderung nach einem reduzierten Mehrwertsteuersatz für gastgewerbliche Leistungen verfolgte der DEHOGA bereits seit Jahren.&nbsp;</p>



<figure class="wp-block-image"><img decoding="async" src="https://www.dehoga-nordrhein.de/fileadmin/_processed_/7/7/csm_erfolg_9d19c2bc8b.png" alt=""/></figure>



<p><a href="https://www.dehoga-nordrhein.de/fileadmin/user_upload/erfolg.jpg"></a>Präsident Patrick Rothkopf erklärt: &#8220; 2010 haben wir es geschafft, dass der Mehrwertsteuersatz auf Beherbergungsleistungen auf sieben Prozent reduziert wurde. Ein großer Zwischenschritt, auch wenn wir schon damals gerne den gleichen Satz für die Gastronomie gehabt hätten. 2020 wurde während der Pandemie auf unsere Initiative hin die Mehrwertsteuer auch auf Speisen auf sieben Prozent reduziert, aber leider trotz aller Absichtserklärungen und Versprechungen 2023 wieder zurückgenommen. Jetzt gilt: Die 7% auf Speisen kommen ab dem 1.1.2026, um dauerhaft zu bleiben! Das ist großartig! Natürlich hätten wir gerne diesen Satz auch für Getränke bekommen. Aber es ist in der politischen wie steuerrechtlichen Lage leider schlicht aussichtslos.&#8220;</p>



<p>In Zeiten klammster Kassen und volkswirtschaftlich größter Herausforderungen sowie wirtschaftlich unsicheren Zeiten diesen Erfolg zu erreichen, ist nicht selbstverständlich. Im Gegenteil: Es ist das Ergebnis, sehr langer, harter, anstrengender und beharrlicher Arbeit auf allen Ebenen, es ist das Ergebnis unzähliger Gespräche in der Politik, mit Kandidaten, Abgeordneten, aber auch Oberbürgermeistern und Landräten. Diese Reduzierung wird allein der Gastronomie in NRW etwa 700.000.000 Euro an Steuerersparnis bringen!&nbsp;<br>&nbsp;<br>Rothkopf weiter: &#8222;Die reduzierte Mehrwertsteuer verschafft vielen unserer Betriebe eine Verschnaufpause in den weiterhin sehr herausfordernden Zeiten. Damit werden nicht alle Probleme gelöst. Das ist uns allen klar.&nbsp;Trotzdem gibt es Tage, an denen man auf das Erreichte schaut, besonders stolz ist und stolz sein kann. Und so einen Tag muss man feiern, würdigen und bedanken, die uns bei diesem Marathon unterstützt haben! Und danach? Wie immer, Ärmel hochkrempeln und weiter gute Gastgeber sein!&#8220;<br>&nbsp;</p>



<p><strong>Das steht auch noch im Koalitionsvertrag</strong></p>



<p>Natürlich stehen neben den 7% MwSt auf Speisen noch andere bedeutsame Punkte in diesem Koalitionsvertrag:</p>



<ul class="wp-block-list">
<li>Wochenhöchstarbeitszeit statt Tageshöchstarbeitszeit</li>



<li>Deutliche Entbürokratisierung</li>



<li>Mehr Netto vom Brutto</li>
</ul>



<p>Aber: Wo Licht ist, da ist auch Schatten: Die geplante deutliche Anhebung des Mindestlohns würde viele Betriebe vor große Herausforderungen stellen, weil es nicht nur Auswirkungen im Lohneinstieg hätte, sondern auf das gesamte Lohngefüge. Als erstes Fazit kann man festhalten, dass sich die Rahmenbedingungen bei allen Herausforderungen deutlich verbessern werden. Der Einsatz des DEHOGA hat sich gelohnt.</p>



<p></p>



<p>04.08.2023</p>



<h1 class="wp-block-heading">DEHOGA-Petition pro 7%: Jetzt unterschreiben und mitmachen!</h1>



<p>Jede Unterstützung ist wichtig, wenn es um die Beibehaltung der 7 % geht. Genau deshalb hat der DEHOGA Bundesverband jetzt die<strong> Petition „Keine Steuererhöhung: 7% Mehrwertsteuer auf Speisen in der Gastronomie müssen bleiben!“</strong> gestartet. Wir wollen zeigen, wie groß der Kreis der Befürworter der 7 % ist. Und hierbei sind auch Sie gefragt: Unterzeichnen Sie die Petition. Und nutzen Sie bitte darüber hinaus Ihre Kontakte und Ihre Reichweite: Machen Sie die Petition unter ihren Mitarbeitern, Gästen und Geschäftspartnern und in Ihren Familien bekannt. Werben Sie mit uns gemeinsam für Unterschriften. Denn jede Unterschrift zählt. Lassen Sie uns mit einer maximalen Unterstützerzahl demonstrieren, wie existenziell wichtig die Beibehaltung der 7 % ist. Die 7 % müssen bleiben, damit wir erhalten, was unser Land lebenswert und liebenswert macht!</p>



<p><strong><a href="https://www.openpetition.de/petition/online/keine-steuererhoehung-7-mehrwertsteuer-auf-speisen-in-der-gastronomie-muessen-bleiben" target="_blank" rel="noreferrer noopener">Hier geht es zur Petition</a></strong>.<br>Wir danken Ihnen herzlich für Ihre Unterstützung!</p>



<figure class="wp-block-image size-full"><img loading="lazy" decoding="async" width="610" height="407" src="http://ph-gastroservice.de/wp-content/uploads/2023/12/csm_7__Petition_b8dd9341a7-1.jpg" alt="" class="wp-image-85" srcset="http://ph-gastroservice.de/wp-content/uploads/2023/12/csm_7__Petition_b8dd9341a7-1.jpg 610w, http://ph-gastroservice.de/wp-content/uploads/2023/12/csm_7__Petition_b8dd9341a7-1-300x200.jpg 300w" sizes="auto, (max-width: 610px) 100vw, 610px" /></figure>



<p></p>



<p></p>



<div class="wp-block-media-text alignwide has-media-on-the-right"><div class="wp-block-media-text__content">
<div class="wp-block-group"><div class="wp-block-group__inner-container is-layout-flow wp-block-group-is-layout-flow">
<p class="has-normal-font-size">01.12.2019                              Die PH Gastroservive  wünscht allen Kunden eine Schöne Adventszeit </p>
</div></div>
</div><figure class="wp-block-media-text__media"><img loading="lazy" decoding="async" width="849" height="566" src="http://ph-gastroservice.de/wp-content/uploads/2019/11/spruehschnee-zur-weihnachtszeit-entfernen.jpg" alt="" class="wp-image-73 size-full" srcset="http://ph-gastroservice.de/wp-content/uploads/2019/11/spruehschnee-zur-weihnachtszeit-entfernen.jpg 849w, http://ph-gastroservice.de/wp-content/uploads/2019/11/spruehschnee-zur-weihnachtszeit-entfernen-300x200.jpg 300w, http://ph-gastroservice.de/wp-content/uploads/2019/11/spruehschnee-zur-weihnachtszeit-entfernen-768x512.jpg 768w" sizes="auto, (max-width: 849px) 100vw, 849px" /></figure></div>



<div class="wp-block-media-text alignwide"><figure class="wp-block-media-text__media"><img loading="lazy" decoding="async" width="1000" height="667" src="http://ph-gastroservice.de/wp-content/uploads/2019/11/topelement.jpg" alt="" class="wp-image-74 size-full" srcset="http://ph-gastroservice.de/wp-content/uploads/2019/11/topelement.jpg 1000w, http://ph-gastroservice.de/wp-content/uploads/2019/11/topelement-300x200.jpg 300w, http://ph-gastroservice.de/wp-content/uploads/2019/11/topelement-768x512.jpg 768w" sizes="auto, (max-width: 1000px) 100vw, 1000px" /></figure><div class="wp-block-media-text__content">
<p style="font-size:18px"> 15.06.2019                   <a href="http://ph-gastroservice.de/?p=48">Belegpflicht 2020 – Wir helfen beim Umsetzen</a> </p>
</div></div>



<p></p>

<p>01.12.2025 Weihanchtsgrüße Sehr geehrte Kundin, sehr geehrter Kunde, wir möchten die Gelegenheit nutzen, um uns&hellip;</p>
